nder when 12 is divided by p?
5
Suppose 5*i - i - 890 = -2*b, 0 = -3*i + 4*b + 662. Calculate the remainder when i is divided by 45.
42
Suppose 5*h - 81 = 2*h. Let l(s) = 3*s - 31. Let t be l(11). Suppose -2*m - 4 = -4*k, -5*k - t*m + h = m. What is the remainder when 6 is divided by k?
0
Let p = 988 + -434. Calculate the remainder when p is divided by 37.
36
Let a be (-4)/(-14) - (-1816)/14. Suppose 0 + a = 2*l. Suppose -4*t = 42 - 174. Calculate the remainder when l is divided by t.
32
What is the remainder when 492 is divided by (-132)/(-18) + 2 - 2/6?
6
Suppose -4*k - 5*o - 1 = 0, k + 0*k + 3*o = -9. What is the remainder when 1635/75 - ((-48)/15)/(-4) is divided by k?
3
Let d be 3 - (-14)/(-4)*18. Let o = 78 + d. Calculate the remainder when 89 is divided by o.
17
Let z be (-2)/5 + 340/100. Let d(c) = 2. Let m(t) = -t - 4. Let n(r) = -13*d(r) - 6*m(r). Calculate the remainder when 46 is divided by n(z).
14
Let k = 89 + -67. Calculate the remainder when 40 is divided by k.
18
Suppose 248 = 628*s - 626*s. What is the remainder when s is divided by 33?
25
Suppose 15 + 9 = 8*o. Let a(i) = i**3 - i**2 - 6*i + 9. Suppose -3*w + u + 132 = 0, -3*w + 2*u = -0*w - 132. Calculate the remainder when w is divided by a(o).
8
Let f(y) = y**3 + 30*y**2 - 132*y + 137. Calculate the remainder when 67 is divided by f(-34).
0
What is the remainder when (-6)/10 - (-170)/(-100)*-458 is divided by 65?
63
Suppose 4*m - l = 1180, 46*l + 908 = 3*m + 51*l. What is the remainder when m is divided by 19?
11
Suppose -56 = -4*x - b, -5*x + 2*b + 83 = -0*x. Let m = -5 + -4. What is the remainder when 348/m*(-3)/2 is divided by x?
13
Let k = -1964 + 1974. What is the remainder when 1/(-2)*3*-18 is divided by k?
7
Suppose -59*q = -46*q - 702. What is the remainder when q is divided by 10?
4
Suppose 5*x + 13 + 2 = 0. What is the remainder when (20/15 - 4)*x is divided by 3?
2
Let g(w) = 2*w**2 + 4*w - 19. Let y be g(-6). Suppose -37*t = -38*t + y. What is the remainder when 144 is divided by t?
28
Let y(j) = 12*j**2 + 3*j - 3. Let l be y(3). Let o be l/8 - 17/68. Suppose 5*g - 191 = o. What is the remainder when g is divided by 6?
5
Suppose 1 = -3*g + 7. Suppose 4*j - 35*n = -37*n + 30, -5*n + 21 = j. What is the remainder when j is divided by g?
0
Let q(h) = 2*h**3 + 9*h**2 + 5*h + 6. Let j be q(-4). Suppose -j*r - 84 = -8*r. What is the remainder when 40 is divided by r?
12
Suppose -4*j = -23 + 659. Suppose 41*o + 42 = -286. Calculate the remainder when 22 is divided by j/(-12) - o/(-32).
9
Suppose 0 = 9*c - 294 - 111. Calculate the remainder when 129 is divided by c.
39
Calculate the remainder when 99 is divided by (1 + (-14)/6)*(-1392)/32.
41
Let w = -23 + 10. Let q = -8 - w. Suppose -28 = -2*x - 5*f, 6*x - 10*x - f + 74 = 0. Calculate the remainder when x is divided by q.
4
Suppose 4*y = -3*d + 26 + 403, 432 = 4*y + 4*d. What is the remainder when y is divided by 19?
10
Let m = 129 - 77. Calculate the remainder when m is divided by (-186)/(-22) - (-9 - 1023/(-121)).
7
Suppose 69 = 3*f - 51. What is the remainder when f is divided by (-216)/(-20) + (-4)/(-20)?
7
Let o be -5 + (-3 + 5)*2. Let k be 6 + 3 - (5 + o). Suppose 3*f = k*f - 22. What is the remainder when 20 is divided by f?
9
Suppose -z - 12 = z. Calculate the remainder when (20/z)/((-20)/390) is divided by 22.
21
Suppose -8*d + 3*d + 385 = 0. Let q(o) = -15*o - 490. What is the remainder when d is divided by q(-34)?
17
Let t be 2 + -6 + 2 + 5. Let w(j) = 2*j**2 - 3*j. What is the remainder when w(t) is divided by (-11 + 11 + -1)/((-2)/6)?
0
Let g(p) = 4*p**2 + 12*p - 10. What is the remainder when 308 is divided by g(-6)?
60
Suppose -68*o + 195 = -63*o. Calculate the remainder when o is divided by 6.
3
Let c(y) = 2*y**2 + 17*y + 10. Let s be c(-8). Suppose -s*p = -7 - 3. Suppose 0 = -p*x + 8*x - 39. What is the remainder when 51 is divided by x?
12
Let m(y) = y**2 + y. Let a(g) = 3*g**2 + 4*g + g**2 + 2 - 5*g**2. Let n be a(4). What is the remainder when 22 is divided by m(n)?
4
Suppose 18 - 2 = 4*k. Let w(g) = -16*g + 1 - k*g**2 + 1 + g**3 + 9*g**2 + 5*g**2. What is the remainder when w(-11) is divided by 15?
12
Suppose -p + 3*g - 12 = -5, -2 = -2*p + 2*g. Let i = 7 - -3. Calculate the remainder when 3/(p/5) + 35 is divided by i.
8
Let m(z) = z**3 - 6*z**2 + z + 12. Let s be m(5). Let b = s - -18. Calculate the remainder when 17 is divided by b.
7
Let u = 45 + -32. Suppose -9*w + u*w = 28. What is the remainder when w is divided by 2?
1
Let j be -3 + 2 - (0 - -1). Suppose 5*a = -4*w + 72, -a + 4 + 0 = 0. What is the remainder when w is divided by (j*4)/(-2*1)?
1
Let c(j) = -25*j - 6. Let x be c(-2). Let r = -39 + x. What is the remainder when r is divided by 4?
1
Suppose o + 2*o - 222 = 0. Suppose -3*y = -2*n - 71, -3*n - 5*y - 84 = 70. Let w = o + n. What is the remainder when w is divided by 8?
7
Let a = -363 + 431. What is the remainder when a is divided by 38?
30
Suppose -2*i + 62 + 24 = -y, 4*y + 92 = 2*i. Let n = i - 30. Calculate the remainder when n is divided by (32/10*495/198)/2.
0
Let t(g) = 4*g - 53. Let b = -8 - -39. What is the remainder when b is divided by t(16)?
9
Let b = -58 - -33. Let j = b - -34. What is the remainder when 22 is divided by j?
4
Suppose 0 = s + s + 50. Let t = 19 + s. Calculate the remainder when 66 is divided by (16 + -19)*34/t.
15
Suppose 2*g = 226 + 20. Let b = g + -46. Suppose -4*t + 162 - 82 = 0. Calculate the remainder when b is divided by t.
17
Let m(s) = -s**3 + 27*s**2 - 59*s + 30. What is the remainder when m(22) is divided by 21?
18
Let i = -11 - -21. Suppose -9*g = -5*g - 552. Calculate the remainder when g/8 + (-6)/(-8) is divided by i.
8
Suppose -2*z = -3*q + 53, 4*z + 20 = 4*q - 52. Let i(g) = 7*g - 165. What is the remainder when i(28) is divided by q?
14
Let p = 5 + 6. Let i(z) = 2*z + 137. Let d be i(-29). Suppose 0 = -4*w - 3*j + d, -w = -2*w + j + p. What is the remainder when 45 is divided by w?
13
Let q(x) = 14*x + 2. Let a(g) = 5*g + 1. Let r(i) = 11*a(i) - 4*q(i). Let b be r(0). What is the remainder when 10 is divided by 1/(((-3)/(-3))/b)?
1
Let x = 490 + -447. Calculate the remainder when 214 is divided by x.
42
Suppose -4*j = -16, 3*j = m - 1 + 4. Suppose 0 = -2*b + m*b - 588. Suppose l = 4*l - 87. Calculate the remainder when b is divided by l.
26
Let o(n) = -3*n + 57. Let b(s) = s**2 + 5*s - 4. Let g be b(-6). Suppose g*y - 64 = -2*y. What is the remainder when o(-7) is divided by y?
14
Suppose -51 = -2*h + 5*k, 2*h + 0*k + k = 81. Calculate the remainder when h is divided by 11.
5
Let d = 4 - -11. Let r = 27 + -16. What is the remainder when d/45 + (-83)/(-3) is divided by r?
6
Suppose 84 = 3*x - 5*o, 559*x - 556*x + o = 102. Let n(j) = 32*j**2 - j. Calculate the remainder when n(-2) is divided by x.
31
Suppose -5*r = -3*s - 909, -2*s - 357 = -2*r - 3*s. Suppose -323 - 299 - 114 = -16*q. What is the remainder when r is divided by q?
42
Suppose -3*n = 5*f - 103, -4*f - 2*n + 31 + 53 = 0. Suppose 0 = -b - b - 3*p + 36, -b - 4*p = -f. Calculate the remainder when 28 is divided by b.
13
Let m(o) = -1 - 5 + 2*o - o. Let l be m(9). Suppose 4*z - 144 = -l*w, 8 - 20 = -3*w. Calculate the remainder when z is divided by 17.
16
Let b(s) = 21*s**2 - 4*s - 15. Let g(h) = -12*h - 3. Calculate the remainder when b(3) is divided by g(-3).
30
Suppose 2100 = -u + 22*u. Calculate the remainder when u is divided by 55.
45
Suppose -3*i + 98 = 5*s, 2 = s + 3*i + 2*i. Calculate the remainder when s is divided by (-4)/(-26) - -2*(-456)/(-156).
4
Let f = -3 - -15. Let d(u) = -14*u + 142. What is the remainder when d(6) is divided by f?
10
Suppose -3*h - 6 = 3*h. Suppose 4*i = 68 + 28. Calculate the remainder when 3/(-1)*h + 43 is divided by i.
22
What is the remainder when 6 - ((-8)/(-4) + (-11 - 32)) is divided by 26?
21
Let f = 18 - 16. Calculate the remainder when f/((-1 + 0)*3/(-72)) is divided by 14.
6
Calculate the remainder when 106 is divided by (-4)/(-5) + (-56)/(-5).
10
Let b = -39 - -73. Let d(r) = r**2 + 3*r - 65. Let u be d(-13). Suppose 4*p = -5*c + 325, -u = -4*c + 3*c - 2*p. Calculate the remainder when c is divided by b.
31
Suppose -4*x = -3*x - 15. Let g(t) be the second derivative of t**5/5 - t**4/4 - t**3/2 + 14*t. What is the remainder when g